 x. What is the units digit of v?
5
Let l = 3348 + -1844. What is the tens digit of l?
0
What is the hundreds digit of 91698/217 + (-3)/(-7)?
4
Let l = -5 + 10. Suppose l*j + 1084 = u, -u + 2*u + 212 = -j. What is the units digit of j/(-22) + (-10)/(-55)?
0
Let j = 36 + -27. Suppose a - 50 = -j. What is the tens digit of a?
4
Suppose -1087*c + 1081*c + 5148 = 0. What is the hundreds digit of c?
8
Let q = -453 - -2232. What is the tens digit of q?
7
Let y = 17 + -14. Suppose -t + 20 = y*t. Suppose -t*i = -5*p, p = -4*i - 4*p + 27. What is the units digit of i?
3
Let s(a) = -18*a - 10 + 2*a - 4*a**2 + 14*a**2 + a**3. Let c = -30 - -19. What is the tens digit of s(c)?
4
Suppose -8*b = 4*b. Let g(z) = -2*z**3 - 2*z**2 + z + 18. What is the units digit of g(b)?
8
What is the hundreds digit of 4 + 0 + 411 - (2 + -8)?
4
Suppose -w + 6 - 2 = 0. Suppose w*l - 215 = -15. Let z = l - 33. What is the tens digit of z?
1
Let d = 10 - 10. Let h(t) be the first derivative of t**3/3 + t**2 + 47*t + 9. What is the units digit of h(d)?
7
Let s = -59 - -122. Let a = 105 - s. What is the tens digit of a?
4
Let d = -229 + 277. What is the tens digit of d?
4
Let h = 460 + -29. What is the units digit of h?
1
Suppose 5*j = 4*j + 35. Suppose -3*y = 2*f - j, f + 0*f - 4*y - 12 = 0. What is the tens digit of f?
1
Let k(r) = -6*r + 210. What is the units digit of k(-21)?
6
What is the hundreds digit of (-13 - -6 - -4) + 437?
4
Suppose -3*s + 13 = 3*d - 35, -3*d = -3. Let g = 11 - s. What is the tens digit of (3 + g)/(-1)*39?
3
What is the units digit of 42/483 + -12723*(-10)/69?
4
Suppose 1 = k - c, 0*c - 12 = -4*c. Suppose -5*n - 2*u = -456, -k*n - 4*u + 358 = u. What is the tens digit of n?
9
Let i(z) = -z - 1. Let o(t) = 10*t + 9. Let q(j) = 3*i(j) - o(j). What is the units digit of q(-6)?
6
Let c(z) = -z + 8. Let o be c(4). Let u = o + -4. What is the tens digit of 28*1 + u/2?
2
Let h be ((-88)/(-3))/(2/6). Let q be h/(-10) - 3/15. What is the tens digit of 132/9*q/(-6)?
2
Let f(j) = 1 + 1 + 2*j - 3*j - 3. Let p be f(-5). Suppose c + 96 = p*c. What is the units digit of c?
2
Let b = -1 - -2. Suppose 3*z - 5 = b. Suppose o + z = 8. What is the units digit of o?
6
Suppose 2*y - 7 = 5. Let v = y - 0. Let h(r) = 6*r - 5. What is the units digit of h(v)?
1
What is the thousands digit of 3/2 + (-70660)/(-40)?
1
Let a = -6 + 10. Suppose a*c - 16 = 48. What is the tens digit of c?
1
Let y(z) = -3*z + 30*z**2 - 41*z**2 + z**3 + 20*z**2 + 8. What is the units digit of y(-8)?
6
Suppose 3*m - 3 - 2 = -t, -3*m = 3*t + 3. What is the tens digit of m*5/(-15) + 140?
3
Suppose 0 = 4*k + 4*n - 1324, 0*k = -k + 2*n + 325. What is the hundreds digit of k?
3
Suppose -2*u + 690 = 5*q, -2*q = 2*u - 138 - 552. Suppose 9*r = -5*m + 4*r + u, 4*m - 5*r = 267. What is the tens digit of m?
6
Let m(i) = 48*i**2 + 51*i**2 - 98*i**2 + 141 - 2*i. What is the units digit of m(0)?
1
Let u = -41 + 59. Let o(v) = 7*v + 15. What is the tens digit of o(u)?
4
Suppose 5*s = 4*c - 3942, c = 5*s + 734 + 259. What is the hundreds digit of c?
9
Let l be -2*-3*2/(-12)*-47. Let y = 3 + -8. What is the tens digit of -1*4 + y + l?
3
Suppose -4*l - 2340 = -7*l. Suppose -k = 3*t + k - 608, -l = -4*t + 5*k. What is the hundreds digit of t?
2
Let s(v) = -v**3 + 6*v**2 - 5*v + 4. Let n be (-4)/14 - 744/42. Let d = n - -22. What is the units digit of s(d)?
6
Suppose -305*i + 3*p = -300*i - 17790, -p + 5 = 0. What is the thousands digit of i?
3
Let p(y) = y**3 - 2*y**2 + 4*y - 5. Let g be p(2). Suppose 15 = -g*z, -2*o - 5*z + 105 = -56. Let u = o + -51. What is the units digit of u?
2
Let c be (-3*4)/(-4) + -2. What is the tens digit of 3561/27 + c/9?
3
Let p(i) = -i**3 - 6*i**2 + 7*i + 11 - 6*i**2 + 19*i**2. Let l be p(8). Suppose 0 = l*z - 175 - 5. What is the units digit of z?
0
Let s = 935 + 1020. What is the hundreds digit of s?
9
Let x be (-14)/(-77) + (-350)/(-11). What is the tens digit of x/3*45/30?
1
Suppose -w - 6*k - 22 = -k, 2*w + 19 = -5*k. Suppose 5*i - w*t - 47 = 48, -5*i + 4*t = -95. Suppose -2*l + i = -29. What is the units digit of l?
4
Let p(t) = 57*t**3 + 4*t**2 - 6*t + 8. What is the units digit of p(3)?
5
Let q(k) = 6*k + 3. Let t(s) = s + 1. Let m(y) = -y - 2. Let a(b) = m(b) + 2*t(b). Let x(w) = -5*a(w) + q(w). What is the units digit of x(4)?
7
Let t = -25 - -23. Let g be 4/t - (12 + -139). Suppose g = 4*r + 3*q, -3*r - 4*q + 49 = -50. What is the units digit of r?
9
Suppose 10*s = 5*s - 2*z - 535, 0 = -3*s - z - 322. Let j = -68 - s. What is the tens digit of j?
4
Let g(l) = -l**3 - 7*l**2 + 3*l. Suppose -5*b = k - 13, 2 + 6 = -4*k - 5*b. Let f be g(k). What is the units digit of 2 - (-7)/(f/(-6))?
4
Let v = -3469 + 5567. What is the hundreds digit of v?
0
Let l(v) = 155*v**3 - 17*v**2 - 9*v + 15. Let h(j) = 78*j**3 - 9*j**2 - 5*j + 8. Let w(r) = -11*h(r) + 6*l(r). What is the units digit of w(1)?
2
Let r be (-4)/22 - (-3540)/110. Let o = r - 27. Suppose 4*u = 5*c - 345, -o*u = -2*c + 88 + 33. What is the tens digit of c?
7
What is the units digit of ((-43)/(-2))/((-18)/(-1404))?
7
Suppose 0 = -v - 1. Let o = 4 + v. Suppose w - 3*c = -c + 19, -o*w - 5*c + 46 = 0. What is the tens digit of w?
1
Let u be 131 - ((-3)/6)/(5/10). Suppose 7*q - u = 785. What is the hundreds digit of q?
1
Let t = -17 + 13. Let i = t - -29. Let z = i + 11. What is the units digit of z?
6
Suppose -3*p - 5*w = -0*p + 30, -5*p - 3*w = 66. Let v = p + 17. Suppose 2*g + 2*s - v = 14, 5*s = 3*g + 8. What is the units digit of g?
4
Let t be -4 - (-2 - 0) - -4. Let v(y) = 5*y + 3. Let m be v(t). Suppose -5*w = 2*n - 32, 2*w + m + 19 = 2*n. What is the tens digit of n?
1
Let k = 53 + -51. Suppose 2*h + 2*w - 282 = -k*w, 5*w + 564 = 4*h. What is the tens digit of h?
4
Suppose 7*z + 6944 = 14*z. What is the units digit of z?
2
Let u(y) = -y + 12. Let j be u(6). Suppose -i + f - j = 0, -f + 6 = 2*f. Let p = 3 - i. What is the units digit of p?
7
What is the units digit of (-2)/(-14) + (-14410)/(-70)?
6
Let o = -6 - -9. Suppose -l - 22 = -p, -o*p + 64 = -0*p - 2*l. Suppose 2*a - 9 = 2*s + 17, -4*s + p = 0. What is the tens digit of a?
1
Let u = -47 + 164. Suppose -3*p - u = 2*h, 3*p - 2*p + 3*h + 39 = 0. Let f = 74 + p. What is the tens digit of f?
3
Let b be ((-6)/42 - (-8)/7) + 0. What is the units digit of (-328 + 2)*-3*b/6?
3
Let c = -37 + 17. Let f be (-2)/(-10) + (-76)/c. Suppose -2*m + 26 = 5*q - 110, 0 = -f*m - 8. What is the units digit of q?
8
Let s be 6*(2 + 3/(-2)). Let u be ((-50)/15 + 0)*s. Let q = 3 - u. What is the units digit of q?
3
Suppose -8 + 4 = -x. Suppose -3*g - 2*g = -2*z - 305, x*g + 185 = -z. What is the units digit of (-2)/(-15) + (-2288)/z?
4
Let i = 287 + -127. Suppose 11*k - 3*k = i. What is the tens digit of k?
2
Let l = -24 - -54. Suppose -l = -5*n - 10. What is the units digit of 290/4 + (-10)/n?
0
Let g(i) = 9*i**3 + 7*i**2 + 23*i - 133. What is the units digit of g(7)?
8
Let k = -2 + 5. Let z(u) = 8*u**2 + 2*u - 1. What is the tens digit of z(k)?
7
Suppose 24*l = 34*l - 25910. What is the tens digit of l?
9
Suppose 3*g + 4*h = 3, h = -g - g + 7. Suppose -k - 91 = -2*f - 4*k, -89 = -2*f - g*k. What is the units digit of f?
7
Let g(n) = -n**3 + 2*n**2 + 2*n + 4. Suppose -19*r = -15*r - 20. Suppose -r = 3*x + 4. What is the units digit of g(x)?
3
Suppose -3*o = -5*h + o + 300, -5*h = 2*o - 300. What is the tens digit of h?
6
Let q(f) = 19*f + 2. Let x(o) = -18*o - 2. Let l(w) = 5*q(w) + 6*x(w). Let n = -30 + 29. What is the tens digit of l(n)?
1
Let b(k) = -k**3 + 19*k**2 - k + 1131. What is the hundreds digit of b(0)?
1
Suppose -3*n + r = -4, -6 + 14 = -4*n - 2*r. Suppose 3*h - 4*h = -3*q + 1027, n = 2*h + 2. What is the hundreds digit of q?
3
Suppose -33 = -j - 3*r, 5*r + 161 - 36 = 5*j. Let s = 60 - j. What is the tens digit of s?
3
Let o = 22 + -17. Suppose o*j + k = j + 106, -2*k = -4. What is the units digit of j?
6
Let y(u) = -6*u**3 - 9*u**2 + 2*u + 63. What is the hundreds digit of y(-7)?
6
Suppose 4*a - 1384 = -4*f, -a = a + 3*f - 688. Suppose 16*l - 9*l - a = 0. What is the units digit of l?
0
Let c = 18 - 28. Let z = -3 - c. What is the units digit of z?
7
Suppose 8*t = -30*t + 2622. What is the units digit of t?
9
Let z be (-2547)/12 + (10/8 - 1). Let n = z + 330. What is the hundre